53 a prime number?
True
Is 84923 a composite number?
True
Is 44501 a prime number?
True
Is 240319 composite?
False
Is 1157 prime?
False
Is 514567 prime?
False
Is 26879 prime?
True
Is 354509 a prime number?
False
Is 1315 composite?
True
Is 17597 prime?
True
Is 608689 a prime number?
False
Is 535 prime?
False
Is 49103 prime?
True
Is 47305 prime?
False
Is 21431 a composite number?
True
Is 3137 a prime number?
True
Is 23185 a prime number?
False
Is 1829629 composite?
False
Is 211753 a composite number?
True
Is 1543 prime?
True
Is 33149 a composite number?
False
Is 169379 composite?
True
Is 11351 a composite number?
False
Is 677305 a prime number?
False
Is 1034879 a prime number?
True
Is 196465 a prime number?
False
Is 272971 a prime number?
True
Is 2203 a prime number?
True
Is 2911243 a composite number?
False
Is 7571 a prime number?
False
Is 24155 a composite number?
True
Is 83023 a prime number?
True
Is 264697 composite?
False
Is 329009 a composite number?
False
Is 504446 composite?
True
Is 31883 composite?
False
Is 165409 prime?
False
Is 1465 composite?
True
Is 79087 prime?
True
Is 20285 composite?
True
Is 24493 prime?
False
Is 15397 composite?
True
Is 2411 composite?
False
Is 98909 composite?
False
Is 38821 a prime number?
True
Is 5567 composite?
True
Is 6805 composite?
True
Is 3037 a composite number?
False
Is 6805 a prime number?
False
Is 5501 prime?
True
Is 7993 prime?
True
Is 160253 a composite number?
False
Is 2561 prime?
False
Is 614 a composite number?
True
Is 4783 a composite number?
False
Is 47942 prime?
False
Is 245639 composite?
False
Is 83 composite?
False
Is 2051 prime?
False
Is 1799 a prime number?
False
Is 32347 a prime number?
False
Is 34097 composite?
True
Is 36761 a composite number?
False
Is 668849 a prime number?
False
Is 140591 a prime number?
False
Is 883205 a composite number?
True
Is 910297 a prime number?
False
Is 250109 a composite number?
False
Is 15501 composite?
True
Is 165671 composite?
True
Is 116995 prime?
False
Is 231359 a prime number?
True
Is 21839 composite?
False
Is 65089 prime?
True
Is 38373 prime?
False
Is 102397 prime?
True
Is 5109107 composite?
False
Is 44831 composite?
True
Is 12869 a composite number?
True
Is 21991 a composite number?
False
Is 130415 composite?
True
Is 4327 a prime number?
True
Is 40577 prime?
True
Is 3089 prime?
True
Is 4906907 prime?
True
Is 341 a prime number?
False
Is 12679 a composite number?
True
Is 82301 prime?
True
Is 53231 prime?
True
Is 106885 prime?
False
Is 9026 a composite number?
True
Is 2869319 a composite number?
True
Is 93091 composite?
True
Is 648563 prime?
True
Is 202507 composite?
True
Is 54767 a prime number?
True
Is 204251 a composite number?
False
Is 10581 a composite number?
True
Is 751 a composite number?
False
Is 278437 a prime number?
True
Is 57623 prime?
False
Is 17057 prime?
False
Is 413 a prime number?
False
Is 1342241 composite?
False
Is 4321 a prime number?
False
Is 212281 a composite number?
False
Is 8353 a composite number?
False
Is 2983 a prime number?
False
Is 29509 composite?
True
Is 77999 composite?
False
Is 49403 a prime number?
False
Is 315373 a composite number?
False
Is 11651 prime?
False
Is 68371 composite?
False
Is 196499 composite?
False
Is 85417 composite?
True
Is 33539 a prime number?
False
Is 1058093 prime?
True
Is 34401 composite?
True
Is 2312363 a composite number?
False
Is 4721 prime?
True
Is 61849 composite?
True
Is 253427 a prime number?
True
Is 500341 composite?
False
Is 245283 a composite number?
True
Is 359 a prime number?
True
Is 105359 composite?
False
Is 336877 prime?
False
Is 239789 composite?
True
Is 276121 a prime number?
False
Is 98519 a prime number?
True
Is 26242 prime?
False
Is 48073 a prime number?
True
Is 1005035 a composite number?
True
Is 93229 composite?
False
Is 3299 prime?
True
Is 231243 a composite number?
True
Is 134489 a prime number?
True
Is 6449 prime?
True
Is 172051 a prime number?
False
Is 7318 a composite number?
True
Is 3071789 a composite number?
True
Is 116579 a composite number?
False
Is 36629 prime?
True
Is 34199 composite?
True
Is 9719 a composite number?
False
Is 73093 composite?
True
Is 54617 a prime number?
True
Is 63911 prime?
False
Is 1655 a prime number?
False
Is 42049 prime?
False
Is 9131 a composite number?
True
Is 1082777 prime?
True
Is 1441 a composite number?
True
Is 6773 a prime number?
False
Is 366593 a composite number?
False
Is 381097 composite?
False
Is 26947 a composite number?
False
Is 15791 prime?
True
Is 5498 a prime number?
False
Is 33691 a prime number?
False
Is 65 prime?
False
Is 8147 composite?
False
Is 269879 prime?
True
Is 2719 prime?
True
Is 28877 a composite number?
True
Is 48607 a prime number?
False
Is 224633 composite?
False
Is 42859 prime?
True
Is 104779 a composite number?
False
Is 12077 composite?
True
Is 378599 a composite number?
True
Is 39901 prime?
True
Is 50411 composite?
False
Is 28331 prime?
False
Is 3641 a prime number?
False
Is 11149 prime?
True
Is 40087 prime?
True
Is 65431 a composite number?
True
Is 470489 a composite number?
False
Is 150287 prime?
True
Is 6115 a composite number?
True
Is 15133 a prime number?
False
Is 3180859 composite?
True
Is 484927 a prime number?
True
Is 89627 prime?
True
Is 7355 a composite number?
True
Is 251231 a composite number?
False
Is 479939 a composite number?
False
Is 194003 composite?
False
Is 22565 a prime number?
False
Is 34583 composite?
False
Is 8849 a prime number?
True
Is 160705 a prime number?
False
Is 61751 prime?
True
Is 96953 composite?
False
Is 4574 prime?
False
Is 359 a prime number?
True
Is 28073 prime?
False
Is 28501 a prime number?
False
Is 10831 a prime number?
True
Is 149297 a prime number?
True
Is 2153 composite?
False
Is 1412707 composite?
True
Is 114451 a prime number?
True
Is 7341 composite?
True
Is 616171 a composite number?
False
Is 2923 a prime number?
False
Is 16486 composite?
True
Is 852347 a composite number?
False
Is 5089 prime?
False
Is 238613 prime?
False
Is 186601 composite?
False
Is 101429 a prime number?
True
Is 6689 composite?
False
Is 2327417 a prime number?
True
Is 17033 a composite number?
False
Is 319567 a prime number?
True
Is 163703 a prime number?
False
Is 29471 a composite number?
True
Is 22853 a composite number?
False
Is 2081 prime?
True
Is 99563 a composite number?
False
Is 55753 composite?
True
Is 213751 prime?
True
Is 4343 a prime number?
False
Is 3349 prime?
False
Is 21553 composite?
True
Is 5981 prime?
True
Is 13919 prime?
False
Is 175949 prime?
True
Is 31202 a composite number?
True
Is 1085131 composite?
False
Is 30631 a composite number?
False
Is 49727 a prime number?
True
Is 12689 composite?
False
Is 21355 composite?
True
Is 5447 prime?
False
Is 98399 a composite number?
True
Is 24481 a composite number?
False
Is 56561 composite?
True
Is 34123 a composite number?
False
Is 77191 prime?
True
Is 329003 a prime number?
False
Is 82939 a prime number?
True
Is 377719 a prime number?
False
Is 7867 a composite number?
False
Is 64483 a prime number?
True
Is 4535 composite?
True
Is 292933 composite?
False
Is 94591 composite?
True
Is 4391 a composite number?
False
Is 33643 composite?
True
Is 885061 a composite number?
False
Is 215753 a prime number?
True
Is 583093 prime?
False
Is 46993 a composite number?
False
Is 60397 a prime number?
True
Is 1213199 a prime number?
False
Is 789611 a composite number?
False
Is 177409 composite?
False
Is 74117 a prime number?
False
Is 484951 a prime number?
True
Is 299567 prime?
True
Is 60163 composite?
True
Is 156073 prime?
False
Is 412717 prime?
True
Is 356693 a composite number?
False
Is 31931 a composite number?
True
Is 122079 composite?
True
Is 110419 prime?
True
Is 8147 composite?
False
Is 17519 composite?
False
Is 56393 a prime number?
True
Is 111577 a prime number?
True
Is 327061 a composite number?
True
Is 2761 prime?
False
Is 7663 a prime number?
False
Is 543 a composite number?
True
Is 1241626 composite?
True
Is 308117 composite?
False
Is 1748833 prime?
True
Is 54127 composite?
True
Is 2063 a composite number?
False
Is 62809 a prime number?
False
Is 41671 composite?
True
Is 65333 a composite number?
True
Is 19419 a composite number?
True
Is 23227 composite?
False
Is 1139623 a composite number?
False
Is 58027 a prime number?
True
Is 6